{"id":15,"date":"2022-10-15T15:32:50","date_gmt":"2022-10-15T15:32:50","guid":{"rendered":"https:\/\/ujpestinyelviskola.hu\/tabor\/?page_id=15"},"modified":"2023-11-21T14:28:47","modified_gmt":"2023-11-21T14:28:47","slug":"kapcsolat","status":"publish","type":"page","link":"https:\/\/ujpestinyelviskola.hu\/tabor\/kapcsolat\/","title":{"rendered":"Kapcsolat"},"content":{"rendered":"\t\t<div data-elementor-type=\"wp-page\" data-elementor-id=\"15\" class=\"elementor elementor-15\">\n\t\t\t\t\t\t<section class=\"elementor-section elementor-top-section elementor-element elementor-element-8527ea0 elementor-section-boxed elementor-section-height-default elementor-section-height-default\" data-id=\"8527ea0\" data-element_type=\"section\" data-settings=\"{&quot;background_background&quot;:&quot;gradient&quot;}\">\n\t\t\t\t\t\t<div class=\"elementor-container elementor-column-gap-default\">\n\t\t\t\t\t<div class=\"elementor-column elementor-col-50 elementor-top-column elementor-element elementor-element-0faffd9\" data-id=\"0faffd9\" data-element_type=\"column\">\n\t\t\t<div class=\"elementor-widget-wrap elementor-element-populated\">\n\t\t\t\t\t\t<div class=\"elementor-element elementor-element-e2aa087 elementor-widget elementor-widget-heading\" data-id=\"e2aa087\" data-element_type=\"widget\" data-widget_type=\"heading.default\">\n\t\t\t\t<div class=\"elementor-widget-container\">\n\t\t\t<h2 class=\"elementor-heading-title elementor-size-default\">C\u00edm<\/h2>\t\t<\/div>\n\t\t\t\t<\/div>\n\t\t\t\t<div class=\"elementor-element elementor-element-ad0f3d2 elementor-widget elementor-widget-text-editor\" data-id=\"ad0f3d2\" data-element_type=\"widget\" data-widget_type=\"text-editor.default\">\n\t\t\t\t<div class=\"elementor-widget-container\">\n\t\t\t\t\t\t\t<p><span class=\"contact-postcode\">1042 <span class=\"contact-suburb\">Budapest, <span class=\"contact-street\">\u00c1rp\u00e1d \u00fat 56. I.em.<\/span><\/span><\/span><\/p>\t\t\t\t\t\t<\/div>\n\t\t\t\t<\/div>\n\t\t\t\t<div class=\"elementor-element elementor-element-86480ef elementor-widget elementor-widget-heading\" data-id=\"86480ef\" data-element_type=\"widget\" data-widget_type=\"heading.default\">\n\t\t\t\t<div class=\"elementor-widget-container\">\n\t\t\t<h2 class=\"elementor-heading-title elementor-size-default\">Telefon<\/h2>\t\t<\/div>\n\t\t\t\t<\/div>\n\t\t\t\t<div class=\"elementor-element elementor-element-6ebd8c6 elementor-widget elementor-widget-text-editor\" data-id=\"6ebd8c6\" data-element_type=\"widget\" data-widget_type=\"text-editor.default\">\n\t\t\t\t<div class=\"elementor-widget-container\">\n\t\t\t\t\t\t\t<p><span style=\"color: #6a0e76;\"><a style=\"color: #6a0e76;\" href=\"tel:06 1\u00a0 369 8674\">06 1\u00a0 369 8674<\/a><\/span><\/p>\t\t\t\t\t\t<\/div>\n\t\t\t\t<\/div>\n\t\t\t\t<div class=\"elementor-element elementor-element-bf733ee elementor-widget elementor-widget-heading\" data-id=\"bf733ee\" data-element_type=\"widget\" data-widget_type=\"heading.default\">\n\t\t\t\t<div class=\"elementor-widget-container\">\n\t\t\t<h2 class=\"elementor-heading-title elementor-size-default\">Mobil<\/h2>\t\t<\/div>\n\t\t\t\t<\/div>\n\t\t\t\t<div class=\"elementor-element elementor-element-384b1b7 elementor-widget elementor-widget-text-editor\" data-id=\"384b1b7\" data-element_type=\"widget\" data-widget_type=\"text-editor.default\">\n\t\t\t\t<div class=\"elementor-widget-container\">\n\t\t\t\t\t\t\t<p><span style=\"color: #6a0e76;\"><a style=\"color: #6a0e76;\" href=\"tel:0630 9524 602\">06 30 9524 602<\/a><\/span><\/p>\t\t\t\t\t\t<\/div>\n\t\t\t\t<\/div>\n\t\t\t\t<div class=\"elementor-element elementor-element-b0eff9e elementor-widget elementor-widget-heading\" data-id=\"b0eff9e\" data-element_type=\"widget\" data-widget_type=\"heading.default\">\n\t\t\t\t<div class=\"elementor-widget-container\">\n\t\t\t<h2 class=\"elementor-heading-title elementor-size-default\">E-mail<\/h2>\t\t<\/div>\n\t\t\t\t<\/div>\n\t\t\t\t<div class=\"elementor-element elementor-element-41ab03d elementor-widget elementor-widget-text-editor\" data-id=\"41ab03d\" data-element_type=\"widget\" data-widget_type=\"text-editor.default\">\n\t\t\t\t<div class=\"elementor-widget-container\">\n\t\t\t\t\t\t\t<p><span style=\"color: #f4bb20;\"><a style=\"color: #f4bb20;\" href=\"mailto:info@ujpestinyelviskola.hu\">info@ujpestinyelviskola.hu<\/a><\/span><\/p>\t\t\t\t\t\t<\/div>\n\t\t\t\t<\/div>\n\t\t\t\t\t<\/div>\n\t\t<\/div>\n\t\t\t\t<div class=\"elementor-column elementor-col-50 elementor-top-column elementor-element elementor-element-50b5efe\" data-id=\"50b5efe\" data-element_type=\"column\">\n\t\t\t<div class=\"elementor-widget-wrap elementor-element-populated\">\n\t\t\t\t\t\t<div class=\"elementor-element elementor-element-cc16a93 elementor-widget elementor-widget-heading\" data-id=\"cc16a93\" data-element_type=\"widget\" data-widget_type=\"heading.default\">\n\t\t\t\t<div class=\"elementor-widget-container\">\n\t\t\t<h2 class=\"elementor-heading-title elementor-size-default\">Nyitvatart\u00e1s<\/h2>\t\t<\/div>\n\t\t\t\t<\/div>\n\t\t\t\t<div class=\"elementor-element elementor-element-b77263e elementor-widget elementor-widget-text-editor\" data-id=\"b77263e\" data-element_type=\"widget\" data-widget_type=\"text-editor.default\">\n\t\t\t\t<div class=\"elementor-widget-container\">\n\t\t\t\t\t\t\t<p>H &#8211; 16:00 &#8211; 20:00<br \/>K &#8211; 8:00 &#8211; 12:00 \u00e9s 17:30 &#8211; 20:00<br \/>Sz &#8211; 16:00 &#8211; 20:00<br \/>Cs &#8211; 8:00 &#8211; 12:00 \u00e9s 17:30 &#8211; 20:00<br \/>P &#8211; 16:00 &#8211; 19:00<\/p>\t\t\t\t\t\t<\/div>\n\t\t\t\t<\/div>\n\t\t\t\t<div class=\"elementor-element elementor-element-e35d056 elementor-widget elementor-widget-google_maps\" data-id=\"e35d056\" data-element_type=\"widget\" data-widget_type=\"google_maps.default\">\n\t\t\t\t<div class=\"elementor-widget-container\">\n\t\t\t\t\t<div class=\"elementor-custom-embed\">\n\t\t\t<iframe loading=\"lazy\"\n\t\t\t\t\tsrc=\"https:\/\/maps.google.com\/maps?q=%C3%9Ajpest%20nyelviskola%201042%20Budapest%2C%20%C3%81rp%C3%A1d%20%C3%BAt%2056.%20I.em.&#038;t=m&#038;z=12&#038;output=embed&#038;iwloc=near\"\n\t\t\t\t\ttitle=\"\u00dajpest nyelviskola 1042 Budapest, \u00c1rp\u00e1d \u00fat 56. I.em.\"\n\t\t\t\t\taria-label=\"\u00dajpest nyelviskola 1042 Budapest, \u00c1rp\u00e1d \u00fat 56. I.em.\"\n\t\t\t><\/iframe>\n\t\t<\/div>\n\t\t\t\t<\/div>\n\t\t\t\t<\/div>\n\t\t\t\t\t<\/div>\n\t\t<\/div>\n\t\t\t\t\t<\/div>\n\t\t<\/section>\n\t\t\t\t<\/div>\n\t\t","protected":false},"excerpt":{"rendered":"<p>C\u00edm 1042 Budapest, \u00c1rp\u00e1d \u00fat 56. I.em. Telefon 06 1\u00a0 369 8674 Mobil 06 30 9524 602 E-mail info@ujpestinyelviskola.hu Nyitvatart\u00e1s H &#8211; 16:00 &#8211; 20:00K &#8211; 8:00 &#8211; 12:00 \u00e9s 17:30 &#8211; 20:00Sz &#8211; 16:00 &#8211; 20:00Cs &#8211; 8:00 &#8211; 12:00 \u00e9s 17:30 &#8211; 20:00P &#8211; 16:00 &#8211; 19:00<\/p>\n","protected":false},"author":1,"featured_media":0,"parent":0,"menu_order":0,"comment_status":"closed","ping_status":"closed","template":"elementor_header_footer","meta":{"footnotes":""},"class_list":["post-15","page","type-page","status-publish","hentry","wpbf-post"],"_links":{"self":[{"href":"https:\/\/ujpestinyelviskola.hu\/tabor\/wp-json\/wp\/v2\/pages\/15","targetHints":{"allow":["GET"]}}],"collection":[{"href":"https:\/\/ujpestinyelviskola.hu\/tabor\/wp-json\/wp\/v2\/pages"}],"about":[{"href":"https:\/\/ujpestinyelviskola.hu\/tabor\/wp-json\/wp\/v2\/types\/page"}],"author":[{"embeddable":true,"href":"https:\/\/ujpestinyelviskola.hu\/tabor\/wp-json\/wp\/v2\/users\/1"}],"replies":[{"embeddable":true,"href":"https:\/\/ujpestinyelviskola.hu\/tabor\/wp-json\/wp\/v2\/comments?post=15"}],"version-history":[{"count":19,"href":"https:\/\/ujpestinyelviskola.hu\/tabor\/wp-json\/wp\/v2\/pages\/15\/revisions"}],"predecessor-version":[{"id":567,"href":"https:\/\/ujpestinyelviskola.hu\/tabor\/wp-json\/wp\/v2\/pages\/15\/revisions\/567"}],"wp:attachment":[{"href":"https:\/\/ujpestinyelviskola.hu\/tabor\/wp-json\/wp\/v2\/media?parent=15"}],"curies":[{"name":"wp","href":"https:\/\/api.w.org\/{rel}","templated":true}]}}